+ 4 - 1. Is k(p) a prime number?
False
Let d = 18 - 13. Let g be 10/(-25) + 62/d. Suppose 6*k + g = 2*k, -o = 5*k - 20. Is o a composite number?
True
Suppose 0*y + 9 = -3*y. Let o be (-8)/((-192)/316) + (-1)/6. Is (o/y)/(1/(-3)) prime?
True
Is 1/4 - (-423)/4 prime?
False
Suppose b + 47 = m - b, 59 = m - 5*b. Let h = m - -376. Is h a prime number?
False
Is -53*(4 - 0)/(-4) composite?
False
Let v(n) = -50*n - 1. Is v(-3) prime?
True
Suppose -2*n - 411 = -5*i, -5*n = 2*i - 113 - 63. Is i prime?
True
Suppose 3*l = 6, -2*q + 4*l + 92 = -0*l. Let m = -29 + q. Is m a composite number?
True
Let k(p) = 319*p**2 + p + 1. Is k(-1) a prime number?
False
Let w(b) = 6*b + 1. Suppose -2*c + 16 = 2*n, -22 - 6 = -4*c - 2*n. Is w(c) composite?
False
Let b = -1 - -3. Suppose -b + 6 = -4*l. Let a(p) = 37*p**2 + p + 1. Is a(l) a composite number?
False
Let h be (-4)/(-8)*(0 - 0). Let z(v) = h*v - v + 2*v**3 - 3*v**3 - 1. Is z(-5) prime?
False
Let h(c) = -c**2 - 5*c + 4. Let f be h(-5). Suppose f*i = 4*a - 332, -2*i = 3*a + 2*i - 263. Is a a composite number?
True
Let j = 140 - 46. Is j/(-4)*-2 - 1 a composite number?
True
Let m = 6 + -7. Let x be 2 - ((1 - -23) + m). Is (-4)/(-14) + (-2493)/x prime?
False
Suppose -19*z + 373 = -18*z. Is z a prime number?
True
Let w = 62 + 189. Is w a prime number?
True
Suppose 5*r + 0*r = -4*x + 605, 4*x = -4*r + 600. Is x composite?
True
Suppose 0*h = h - 3, -2*m - 5*h + 13 = 0. Is (-1)/(m - (-60)/62) prime?
True
Suppose y + 3*y = 4*d + 1428, 3*d + 361 = y. Is y composite?
True
Suppose 3*z + 13 = 7*z - f, -3*z = 5*f - 4. Suppose -r - z = -4*r. Is 22 + r + (3 - 5) prime?
False
Let a(h) be the third derivative of -h**6/120 + h**5/5 - 2*h**4/3 + 5*h**3/2 + h**2. Is a(10) composite?
True
Is 447/12 - 2/8 prime?
True
Suppose 1475 = 2*x + 5*c, 0*x + 2*x - 3*c = 1499. Is x a prime number?
False
Let l(t) = 4*t**2 + 4*t + 2. Is l(-3) composite?
True
Suppose 16 = -0*k + 4*k, 2*r + k - 1080 = 0. Is r a prime number?
False
Let v(a) = -3*a - 8. Let b be v(-6). Let t be (-9)/(-6)*(-130)/(-3). Let p = t - b. Is p composite?
True
Let a(k) = 5*k**3 - 3*k**2 + 2*k + 1. Let r be a(-3). Let j = r - -241. Is 1/(-4)*-2*j prime?
True
Let u(c) be the first derivative of c**4/4 - 7*c**3/3 - 4*c**2 - 11*c - 1. Is u(9) a prime number?
True
Let u = -472 + 18. Let j = -6 + u. Is j/(-6) - 3/(-9) prime?
False
Suppose -3*o = -6, -k + 5*o - 35 + 1238 = 0. Is k composite?
False
Suppose -5*r = -0*r - 10. Suppose -r*i + i = 0. Suppose i*l - 3*l + 37 = w, 4 = 4*l. Is w prime?
False
Let j = 6 - 4. Let v be j + 4 + (2 - 1). Is v + (-2 - (-2 - -1)) composite?
True
Let t(g) = g**3 + 4*g**2 - 5*g. Let j be t(-5). Let o = j - -7. Is o - (1 + 0 + -4) composite?
True
Let c(h) = -37*h**2 - 5*h - 4. Let t be c(-4). Let m = -373 - t. Is m a composite number?
True
Suppose 4*h - 10 = 2. Suppose 0 = -2*m + h*q + 6, -4*m + 2*m + 2 = -q. Suppose m*y - 404 = -3*y + 5*r, -2*r - 268 = -2*y. Is y a prime number?
False
Let w = 7 + -4. Suppose b - 2 = -w, -205 = -3*f + 4*b. Is f composite?
False
Let y(a) = -451*a + 29. Is y(-6) a composite number?
True
Let o(x) = x**2 - 7*x + 3. Let q be o(6). Let t = 2 - q. Suppose -1035 + 240 = -t*n. Is n prime?
False
Suppose 2*a + 20 = -4*u + 4, a = 2*u + 8. Is ((-4)/6)/(u/474) a prime number?
True
Let b be (-2)/(-1) + (0 - -5). Suppose 798 = -j + b*j. Is j a prime number?
False
Let p = -400 + 1197. Is p a prime number?
True
Let l = 5 - 2. Suppose -6*g + 830 = -g + l*s, -4*g + 642 = -2*s. Is g composite?
False
Let u = -6 + 7. Let k(q) = 115*q**2 + q - 1. Is k(u) a composite number?
True
Let d(s) = 2*s**3 + 1. Let i be d(1). Let g(v) be the third derivative of v**6/60 - v**4/8 + v**3/3 - v**2. Is g(i) composite?
False
Suppose -13*r + 5384 = -5*r. Is r a composite number?
False
Let j(b) = -b + 1. Let a(t) = -12*t + 15. Let r(h) = a(h) - 18*j(h). Is r(7) a prime number?
False
Suppose 3*q + 6 = 4*q + 2*u, -10 = -4*q - u. Suppose 3*o = 2*j - 233, 3*o - 244 - 143 = -3*j. Suppose -q*h = -6*h + j. Is h a composite number?
False
Suppose t + 2*t + 23 = l, t - l = -9. Let y(q) = 3*q**2 - 2*q. Is y(t) composite?
True
Let b(l) = -l**3 + 4*l**2 + 3*l + 7. Let i be b(5). Suppose 3*q = -0 - 6. Is q*21*i/6 prime?
False
Suppose k = -2*k + 279. Is k prime?
False
Let t(c) be the second derivative of -43*c**3/6 - c**2 - 2*c. Is t(-3) a composite number?
False
Let k(q) = 0*q - 10 - 4*q - q + 4. Let a = -5 - 0. Is k(a) a prime number?
True
Suppose 2*o - 30 + 10 = 0. Is (5/o)/(1/406) prime?
False
Let s(h) = h**3 - 10*h**2 + 5*h + 6. Let k be s(10). Suppose -25 = 3*g + z + 17, -4*g = 2*z + k. Is (-4)/(8/7)*g a composite number?
True
Let j(h) = h**2 - h + 194. Let a be j(0). Let y be 13/(-2)*(8 - 2). Let o = y + a. Is o prime?
False
Is -2*2 + (440 + 9)*1 a composite number?
True
Let l(d) be the first derivative of d**4/4 - 2*d**3 + 2*d**2 + 5*d + 1. Let o be l(5). Suppose o = 3*z - 4*b - 157, 4*z + b - 196 = 3*b. Is z prime?
True
Let b(n) = 51*n**2 - 9*n - 1. Is b(-6) prime?
True
Suppose q + 528 = 3*m, -2*m - 2*q + 352 = -q. Let n = m - 93. Is n a composite number?
False
Suppose 0 = -o - 4 + 2, 2*z + 5*o = 504. Is z a composite number?
False
Suppose 5*l + 5 = 5*o, 4*l = -5*o + 3*o - 4. Let n be 2*(-2 + 30/4). Suppose n = i - o. Is i a prime number?
True
Suppose -5*p = 51 - 1106. Is p composite?
False
Let y = -33 - -106. Suppose 2*m = 105 + y. Is m a composite number?
False
Let u = -127 + 3. Let a = u + 224. Suppose -62 = -2*s + k, -a = 5*s + 2*k - 273. Is s composite?
True
Let t(n) = -2*n**3 - 2*n**2 + n - 2. Let f(p) = -3*p + 1. Let d be f(1). Let g be t(d). Suppose -7*z + 2*z + 115 = -g*k, 71 = 4*z + k. Is z a prime number?
True
Let r be (33/6)/((-2)/(-20)). Is (-202)/(-22) + (-10)/r composite?
True
Let k(h) = 3*h**2 - 7*h + 6. Let u be k(4). Suppose 4*o = -x + 267, 4*o - 5*x - u - 247 = 0. Is o a prime number?
True
Let i(c) = -3*c**2 + 18*c**3 - 225 + 226 + 4*c**2. Let t be (0 - 0) + -1 + 3. Is i(t) prime?
True
Suppose v + 2*v = 495. Suppose 2*o = -2*o - 4, -o + v = 2*a. Is a a composite number?
False
Suppose -4*s = -k + 3*k - 72, -108 = -3*k + 2*s. Let a be ((-292)/(-8))/(2/4). Let p = a - k. Is p a composite number?
False
Let c = 14 - 24. Let z = -16 - c. Let b = z + 41. Is b a prime number?
False
Suppose -670 = -2*g - 282. Is g a composite number?
True
Suppose -3*g - 15 = 3*h, 25 = 3*h + h - 5*g. Let t be (-1 - -15)*(h - -1). Is (-4)/t + 2705/35 prime?
False
Let d = 9 - 6. Suppose 13 = d*j - 20. Suppose 4*b - 47 = -j. Is b composite?
True
Let a(z) = z**3 + 8*z**2 - 11*z - 8. Let c be a(-10). Let u(v) = -v**3 + v**2 + 2*v + 5. Let p be u(6). Let n = c - p. Is n prime?
False
Let p(o) = o**2 + 5*o - 9. Let d be p(-7). Suppose -2*k + d = -1. Suppose 5*x + 3*m = -2*m + 180, -m = k. Is x prime?
False
Suppose -1 = -b + 1. Suppose 5*i = -4*m + 399, b*m + 235 = -i + 4*i. Is i a composite number?
False
Suppose 4*n = -2*w + 1 - 5, -12 = 3*w + 3*n. Let i(d) = 6*d**3 - 6*d + 9*d**2 - 5*d**3 + 2 - 2*d**2. Is i(w) a composite number?
True
Let l = -802 + 1291. Is l prime?
False
Let d(s) = 5*s**3 - 7*s**2 + 4*s + 11. Is d(5) prime?
False
Suppose -4*b = 2*g - 30, -g - 10 = -4*b + b. Suppose g*h - 4*t - 271 = 0, -t - 4*t - 270 = -5*h. Is h a composite number?
True
Suppose 5*c = -q + 3*c + 509, 3*c = 15. Is q prime?
True
Suppose -j = 3*j - 2*y - 336, 0 = 3*j - 3*y - 249. Is j prime?
False
Is (-7 - -3)*(-1 + 77/(-2)) composite?
True
Let r = -1282 + 2025. Is r composite?
False
Let r(b) = b**3 + 10*b**2 + 3*b - 9. Let y be r(-7). Suppose 3*t - 120 - y = 0. Is t a composite number?
False
Let c(k) be the second derivative of -k**5/120 + 13*k**4/24 + k**3/2 - 3*k. Let i(b) be the second derivative of c(b). Is i(0) a composite number?
False
Is 4/(-12) + 200/6 a composite number?
True
Is 260/3 + (-13)/(-39) composite?
True
Suppose 2*z + 5 - 1 = 2*o, -4*o - 4*z + 8 = 0. Let r(q) = 64*q - 1. Let m be r(o). Suppose 4*k - m = -39. Is k a prime number?
False
Let b(t) = -t - 7*t - 7*t**2 - t**3 + 2 + t. Is b(-7) a composite number?
True
Suppose -712 = -4*u - 4*y, 2*y - 4 = 3*y. Let p = -120 + u. Is p a prime number?
False
Let j = -2 + 4. Let s(v) = 5*v - 11*v + 3*v**2 + 4*v**j + 0*v**2. Is s(5) composite?
True
Let p(s) be the first derivative of 11*s**2/2 - 20*s + 6. Is p(15) a prime number?
False
Su